 - 6) + -5 + -8 + 8
-15
Calculate 28 + 8 + -32 - (3 - (-6 + -3)).
-8
What is the value of (3 - 2) + -20 + 1 + (-80 - -78)?
-20
Evaluate (2 - 14) + (115 - 114).
-11
Calculate 1 + ((2 - -38) + -45 - (-4 + -1)).
1
(-17 - 16) + 8 + -4
-29
Calculate -4 + -1 + -1 + (-12 - -14) - -5.
1
What is the value of 3 - (1 + 12) - (6 - 5 - -6)?
-17
Evaluate -9 + -1 + -17 + 16 + (1 - 3).
-13
What is the value of -7 + -3 + (-6 - 3) + 6 + 4?
-9
Calculate 1 - (-4 + 6 + (-5 - -4) + 6).
-6
Calculate -9 + (0 - (44 - 38 - (-1 + 5))).
-11
What is the value of -1 + (-2 - -18 - -1) - (56 - 55)?
15
Evaluate 7 - ((-2 - 13) + 33).
-11
(0 - -3) + (50 + -18 - 25)
10
Calculate 0 + -51 + (73 - (2 + 60)).
-40
(-47 - (-4 - 3)) + (-13 - (-9 - 12))
-32
Evaluate (-11 - (-18 + 4 + 3)) + -3 + 0.
-3
What is -15 + -39 + 83 + -31?
-2
Evaluate (-2 - 5 - -11) + 4 + 3 + -1.
10
What is 11 + -14 - (8 + 1)?
-12
What is 21 - ((-6 - -3 - (1 + -7)) + 4)?
14
(-9 + -29 - -48) + -1 + 9
18
3 - 36 - (31 + -30)
-34
What is the value of -1 - (-1 - (1 - -1)) - (13 + -15)?
4
What is (2 - 50) + (1 - -6) + 8?
-33
Evaluate -17 - -1 - (23 + -13 - 8).
-18
What is the value of (5 - -3 - 11) + 16?
13
Evaluate 2 - (-10 - -2) - (-5 + 35 + -11).
-9
What is the value of 5 - 10 - (15 + 9 + 2)?
-31
-7 + 0 + 1 + -1 + -1 - -1
-7
Evaluate (16 - (-16 + 39) - (-15 - -1)) + 14.
21
-24 + 7 + 8 + -1 - (1 - -2)
-13
Evaluate (0 - -11) + (-8 - -43) + -50.
-4
What is 7 + (2 - 13 - -2) + 11?
9
Calculate -4 + 0 + -5 + 6 - 8.
-11
Calculate -3 + 12 + -3 - (27 - (-4 - -21)).
-4
What is the value of 2 - (50 + -56 - (3 - -17))?
28
What is 0 + -1 + (85 + -80 - (-1 - -10))?
-5
What is 1 - (-5 - (-12 + (-2 - (-2 + -6))))?
0
Calculate -9 + (48 - 13) - 27.
-1
What is 8 + -14 + 41 + -23 + 28?
40
What is (7 - -6 - 9) + -8 + -9?
-13
-6 + 2 + -12 + 20 + -8
-4
Evaluate 12 - (-14 + 29 - (16 + -3)).
10
-5 + -1 + 6 + -10
-10
Calculate -9 - (26 + -23 + 10 + -22).
0
Calculate -10 + -63 + 60 + 2 + 0 - -7.
-4
Evaluate 2 + (-1 - (3 - 9)) - (-9 - -32).
-16
What is 3 - (-4 - -9) - (9 - (3 - 3))?
-11
Calculate -4 + (5 - (12 + 1 - 6)) - -5.
-1
What is the value of -4 - (-2 - -11) - (4 - 40)?
23
Calculate -10 + 4 + 4 - (-3 + 3) - -5.
3
Evaluate 2 + 1 + -1 + -2 + (6 - 6).
0
What is the value of (0 - (1 - 15) - (-904 + 904)) + -4?
10
What is -8 + (-10 - (-28 - -7))?
3
What is the value of 18 - 27 - (-6 - (1 - 2 - 1))?
-5
Evaluate (1 - (2 + -3)) + (-13 - (-9 - 14)).
12
4 + (-13 - -14) + 1 + -10 + 9
5
-14 + 23 + -7 + -3 + -8
-9
What is the value of -39 + -10 - -37 - -21?
9
Evaluate (-6 + (-35 - -19) - -31) + -15 + -2.
-8
Evaluate 24 + 5 + -14 + (-4 - -4 - -3).
18
What is 4 - (-7 + 2 - (21 + -14))?
16
What is the value of (-1 - 9) + 33 + -24?
-1
6 - ((5 - -2) + -2 - (-28 + 33))
6
Calculate 1 - (-21 - (-1 + -9) - (-15 - -5)).
2
Calculate -5 - (-14 + 17 + -18) - 16.
-6
Calculate 2 + (-4 - (9 + 10)) + (-2 - 4).
-27
-19 - (-8 - (-35 - -18) - -4)
-32
Calculate (29 - 53) + 37 - 16.
-3
Evaluate 1422 + -1417 + (2 - -12).
19
What is the value of 25 - (30 + -14 + -9)?
18
Evaluate -3 - ((23 - 14) + (0 - 2)).
-10
What is the value of 18 + -33 - (-3 - (7 + -12))?
-17
25 + (1 - -9 - (1 + 17))
17
Calculate 16 - (-45 - -39 - (-3 - 1)) - -2.
20
Calculate (-13 - -6) + 20 + -13.
0
-25 + 10 + 87 + -84
-12
Calculate 18 - (13 + (4 - 4) + 1).
4
Evaluate (-1 + 3 + -2 - -3) + -4 + 10.
9
What is the value of -9 - 4 - (25 + (19 - 66))?
9
Calculate 1 + (4 - -4 - 8) + (-5 - 1).
-5
4 + (-9 - -4) + 7 + 4 + 0
10
Calculate -5 + 7 - (-5 - (-3 - -3)).
7
Calculate 5 - ((11 - 4) + 8 - 5).
-5
What is the value of (5 - (3 + -5)) + 3 - (5 + -1)?
6
What is -4 - (-19 + 4) - (-16 - -37)?
-10
(-1 - (1 - 8)) + (16 - (-1 + 6))
17
Evaluate -2 - (7 + -2) - -29 - 6.
16
Calculate 5 - (-14 + 8) - 3.
8
Calculate -11 - (-21 - (-7 + 9)).
12
What is the value of -7 + -15 + 22 + 21?
21
Calculate 1 + -10 - ((15 - (12 + -5)) + -15).
-2
Evaluate 10 + 2 - (9 - 2).
5
What is the value of -16 + 6 + (-1 + 6 + -5 - -4)?
-6
Calculate (-3 + 4 - 8) + 4 + -28 - 0.
-31
(17 - 11 - 17) + 2
-9
Calculate -4 + 38 + -27 + (-8 - 1).
-2
What is the value of -29 - -27 - (1 + 1 + -6 + 31)?
-29
What is (5 - 3) + -10 - (6 + -11 + -6)?
3
14 - (18 + -6 + 12)
-10
(7 - 0 - (100 + -93)) + -4
-4
3 + -10 + 16 + -18
-9
Calculate -8 - (6 + -5 - (-4 + -10)).
-23
What is the value of 9 + -8 + (0 - 2 - -1)?
0
16 - (-22 + (40 - 25))
23
What is the value of 0 - 9 - -2 - (5 + -4 + -5)?
-3
3 + -13 - -2 - (92 - 91)
-9
-7 - (-2 + 7 + (-5 - -2))
-9
Calculate (-29 - -16 - -26) + (-2 - (-1 - -2)).
10
Calculate 7 - (-1 - (-28 - -27)).
7
What is the value of 22 - 7 - 40 - -9?
-16
Calculate -32 - -16 - (-10 + 4) - (-7 - -4).
-7
(0 - 3 - (5 - 2)) + (6 - -7)
7
What is the value of 1 + 0 - ((3 + -2 - -3) + -1)?
-2
Evaluate -2 + -1 + 3 - ((-27 - -27) + 15).
-15
2 + 9 + -12 + 3
2
-4 + (426 + -429 - (-1 + 10))
-16
What is the value of (4 - (4 + 1 - (-3 - -3))) + 0?
-1
-108 + 105 + (-2 + 14 - (0 - 1))
10
Calculate (-13 - -31 - (4 - -22)) + (-17 - 3).
-28
Calculate 5 + (4 - 0) - (22 + -30).
17
Evaluate 8 + 20 + 8 + -20.
16
What is the value of -33 + (8 - -5) + -3?
-23
What is -8 - (-1 + 0 + (3 + 3 - 3))?
-10
19 - -12 - 14 - 16
1
Evaluate (-16 - -3) + 6 - 11 - -19.
1
Calculate (41 - 42) + (2 + 0 - (1 - -4)).
-4
-5 - (-183 + 191 - (9 - (3 - 0)))
-7
What is 14 - (32 - (11 - -15))?
8
What is the value of 3 - -15 - (2 + 31)?
-15
Evaluate -135 + 127 - (0 + 1 + -1).
-8
What is 1899 + -1888 + -2 + (1 - -2)?
12
Evaluate 0 - 12 - (3 + (6 - 4) + 4).
-21
-19 - -7 - (0 + -15)
3
What is 0 - -1 - (9 - (-7 - -10))?
-5
Calculate 16 + -40 - 2 - -18.
-8
What is (13 + 18 - 6) + -8?
17
Evaluate 6 - ((1 - 6) + 4 + -5 + -1).
13
-16 - (4 - (5 + 3 - -8))
-4
Evaluate 4 + 0 + (-7 - -3) + (9 - -3).
12
What is the value of -12 - ((19 - 1) + -36)?
6
(-129 - -133) + -20 + (-4 - (-5 - 2))
-13
Evaluate (-1 - -2 - 3) + (-7 + 3 - 4).
-10
What is the value of (2 - 8) + (-5 - 3 - (2 + -48))?
32
Calculate (1 - -4) + -16 - (-82 - -92).
-21
What is the value of 8 - (27 - 24 - (22 + (0 - -2)))?
29
What is the value of (-9 - 7 - 0) + 29?
13
Calculate 1 - (-1 - 12 - (-4 + -13 + 7)).
4
Calculate -53 - (-10 - 3) - -59.
19
Calculate (-37 - -78) + (-46 - -30).
25
(-1 + 1 - -18) + (492 - 502)
8
14 + (8 - (-6 - -17) - 6)
5
64 - 61 - (-3 + 1 - -12) - 8
-15
Evaluate 0 + (0 - (7 + 0 - 3)) - -17.
13
Calculate -142 - -158 - (0 - -16).
0
Calculate 16 + (-4 - 2 - 3).
7
What is 4 - (11 + (-3 - (4 - 9)) + -2)?
-7
(-1 - 13) + (72 - 55)
3
(-1 - 1 - (-2 - (2 + 1))) + -2
1
8 + (4 - (-8 - -16)) + -4 + 6
6
What is (-29 - 26) + (-11 - -52)?
-14
What is the value of -18 + -4 + -6 - -13?
-15
Calculate (-2 + 10 - 0) + (6 - 31).
-17
What is 19 + -1 + 67 + -89?
-4
What is the value of 23 - (-27 - -35 - (-3 - 0))?
12
What is 37 + (-40 - -15 - 24)?
-12
24 - 1 - ((-3 - 24) + 26)
24
What is 16 + (4 - -3) + 7 + (-1 - 11)?
18
Calculate (2 - 8) + 24 + (-127 - -77).
-32
What is the value of -23 + 18 + -23 + 13?
-15
Calculate (19 - 14 - 15) + 9 + -31.
-32
Evaluate (5 - (-40 + 26)) + 13.
32
Calculate (8 + -9 + 9 - 0) + -6.
2
Evaluate -18 - 14 - -14 - -8.
-10
What is (11 + (-7 - -11 - 15) - -1) + 2?
3
What is 7 + (1 - 7) + (-35 - -29)?
-5
Calculate -20 - (15 + -2 - 50).
17
What is the value of -25 - (31 + -72) - -14?
30
What is 19 + (21 + -37 - -5)?
8
(45 - 42) + -5 + (1 - 11 - 0)
-12
Calculate (-15 - (5 - 18)) + -10.
-12
What is 5 + -2 - 7 - (251 - 235) - -7?
-13
Evaluate -1 + 1 + 3 + -3 + 6 + 3.
9
9 + (2 - -1 - 5) - (5 - -1)
1
What is 16 + -26 + 14 - 16?
-12
6 + -8 + 3 - -5 - 8
-2
(13 - 7) + (-1 - 4 - -11)
12
Calculate -104 + 70 + 53 + 0 + 17.
36
What is the value of -21 + (10 - -5) - -15?
9
Evaluate (26 - 28) + 1 + 2.
1
What is (-2 - 0) + -3 + 17 + -16 + -9?
-13
What is (-4 - -15) + -13 - -6?
4
-9 + 32 + -18 + 17
22
(-22 - (-13 + -1)) + (14 - -8)
14
(1 - 7) + -9 + 7 + 4 + -5
-9
0 - (4 + -7 + 5)
-2
Calculate (-5 - (-7 + 3)) + (6 - 9).
-4
Calculate -17 - (-6 + 10 + -38).
17
-3 - (0 + -1) - (-2 + -11 + 2)
9
-2 + (-20 - (-43 + 4))
17
What is the value of -13 + -6 - -8 - -13?
2
33 - 19 - (7 - 4)
11
Calculate -18 + (-4 - 1 - -36) + 9.
22
What is the value of (-1 - 6) + (85 - 69) + (3 - 3)?
9
What is the value of 30 + -3 + -16 + -21?
-10
What is 0 - (25 - 3) - (6 + -17)?
-11
2 + 1 + -29 + (17 - -3)
-6
(-5 - -2) + (33 + -28 - (11 - 1))
-8
Calculate -5 + 